1211212200122201?
-101211212200122211
In base 4, what is 110230033311 + 11?
110230033322
In base 11, what is -429a9 + -5674?
-48572
In base 14, what is 52d5 + 3d6?
56cb
In base 9, what is -78 + 26456?
26367
In base 13, what is -227bb + 82?
-22739
In base 11, what is -245102651 + -1?
-245102652
In base 11, what is 9 - -125803a05?
125803a13
In base 13, what is 636 + 89a3?
9309
In base 2, what is -110011010111100111001110 + 1?
-110011010111100111001101
In base 14, what is -cd + -27495?
-27584
In base 12, what is -6722708 - -5?
-6722703
In base 16, what is -289ea8c + 5?
-289ea87
In base 15, what is -abe - -2573?
19a4
In base 9, what is -85 - 1234?
-1330
In base 5, what is 1143141004 - 144?
1143140310
In base 13, what is 44 - -24b887?
24b8cb
In base 14, what is -b6675 + -900?
-b7175
In base 14, what is 1d - 2da76b?
-2da74c
In base 12, what is -2 + 434225b4?
434225b2
In base 2, what is 1001101110 + -100011001001111?
-100001111100001
In base 5, what is 2 - 41413441420?
-41413441413
In base 8, what is 7414677 - 52?
7414625
In base 6, what is 154214224 + 1?
154214225
In base 6, what is 52352 + 11152?
103544
In base 2, what is 11101011000101011001011011 + -1?
11101011000101011001011010
In base 14, what is 1 - 23bbb2?
-23bbb1
In base 2, what is 0 - -11101011000011111000000110?
11101011000011111000000110
In base 3, what is 102002010 + 2121221?
111201001
In base 3, what is -20212211 + 20010?
-20122201
In base 11, what is -2 + 4434890?
4434889
In base 12, what is -15217a5 - 4?
-15217a9
In base 14, what is -4 + 9c88d7?
9c88d3
In base 5, what is 112440 + 11412040?
12030030
In base 13, what is 41 - 1465995?
-1465954
In base 5, what is -3000004 + 13?
-2444441
In base 2, what is 10001110000001000101 - 1000?
10001110000000111101
In base 10, what is -63553 + -6?
-63559
In base 7, what is -6021 - 2641?
-11662
In base 9, what is -331 - -28365?
28034
In base 15, what is 101 + 5d96?
5e97
In base 14, what is -a - 3345d1?
-3345db
In base 14, what is 260c28 - 31?
260bd7
In base 8, what is 356 - 62312?
-61734
In base 4, what is -11 - -2032120113133?
2032120113122
In base 12, what is 134a62348 - 2?
134a62346
In base 5, what is 11304114 - -213?
11304332
In base 15, what is -a9 + -20836?
-208e0
In base 13, what is -7 - 7b3575?
-7b357c
In base 3, what is 1010 + 2000000022011?
2000000100021
In base 8, what is 1676751 - 40?
1676711
In base 5, what is 100302034 - 3?
100302031
In base 10, what is -204978 - 1831?
-206809
In base 8, what is -163150 - -27?
-163121
In base 11, what is 914a3 - -48?
91540
In base 14, what is a58 - 60?
9d8
In base 15, what is -6 - 1118e79?
-1118e80
In base 8, what is -20 - -732022?
732002
In base 12, what is a506 + -1018?
94aa
In base 11, what is 28 - -12296a7?
1229724
In base 11, what is 25 + -33a5832?
-33a5808
In base 7, what is 364420 + 36?
364456
In base 11, what is 62220 - -5058?
67278
In base 3, what is -1210002022102110110 + 0?
-1210002022102110110
In base 16, what is -91809 + -c?
-91815
In base 3, what is 1010 + -11101010202?
-11101002122
In base 9, what is 55 + -171303?
-171237
In base 6, what is 32 - -25242504?
25242540
In base 6, what is -151 + -1143100055?
-1143100250
In base 7, what is 152151204 + 1?
152151205
In base 12, what is -5 - -a99aa?
a99a5
In base 15, what is -2b6 - 12a72?
-12d38
In base 9, what is 64285445 - 7?
64285437
In base 4, what is -211223032003030 - 11?
-211223032003101
In base 2, what is 100110110001 - -100011101?
101011001110
In base 16, what is -46 - 2fe?
-344
In base 12, what is -6392 + 308a?
-3304
In base 5, what is -43011431 + -1?
-43011432
In base 16, what is -4 + 421f42?
421f3e
In base 9, what is 22678604 - 17?
22678576
In base 11, what is -4 + 990011?
990008
In base 9, what is -5 + 10314712?
10314706
In base 4, what is -103102010232 - -3?
-103102010223
In base 14, what is 17456 - 9b?
17399
In base 13, what is -1187a9 - 2?
-1187ab
In base 14, what is 60 + 98132?
98192
In base 2, what is -110001111 + -100101000110010?
-100101111000001
In base 9, what is 316 + -1472457?
-1472141
In base 2, what is 1011011001101 - -10100010001100?
11111101011001
In base 16, what is 3a0b3f - -5?
3a0b44
In base 5, what is -4 - -14142401424?
14142401420
In base 5, what is -1313234 - -11034?
-1302200
In base 13, what is 5 - -336c33c?
336c344
In base 5, what is 14033 - 4212?
4321
In base 15, what is 9 + -11234?
-1122a
In base 15, what is -7a31 - 403?
-7e34
In base 8, what is -4264676010 - -3?
-4264676005
In base 12, what is 4 - 1143581?
-1143579
In base 10, what is -13390 - -222?
-13168
In base 3, what is 100012210122 - -2001121?
100021212020
In base 13, what is -520 + 1c93?
1773
In base 7, what is -153 - 554423?
-554606
In base 15, what is -324 - 21d3?
-2507
In base 14, what is 393 + -14782?
-143cd
In base 12, what is -aba4 + -309?
-b2b1
In base 6, what is 35230043 + -2?
35230041
In base 12, what is -77 + -34578ab?
-3457966
In base 3, what is 201021 + 1212121000?
1220022021
In base 5, what is 21314204 - 1103?
21313101
In base 10, what is 27401 - 158?
27243
In base 12, what is -1797a - a?
-17988
In base 12, what is 154 + 3b93b?
3ba93
In base 3, what is 12211112110 + -122120?
12210212220
In base 15, what is -12078 + 5ae?
-119b9
In base 7, what is 0 + 2661305?
2661305
In base 15, what is -4318edd - -2?
-4318edb
In base 4, what is 2222311101201 + 21?
2222311101222
In base 2, what is -100111111001100000 + -1000100010?
-101000000010000010
In base 6, what is -3305 + 2151225?
2143520
In base 2, what is -111110110010111101101100 - 1111?
-111110110010111101111011
In base 13, what is 8 - 61a789b?
-61a7893
In base 15, what is -8e + -2651?
-26e0
In base 15, what is -12 - -d09a?
d088
In base 3, what is 1100 - 11011111022101?
-11011111021001
In base 14, what is 9c + -112989?
-1128cb
In base 13, what is -5 - 1808626?
-180862b
In base 12, what is -a18514 - -4?
-a18510
In base 12, what is 26933 + -53?
268a0
In base 4, what is -2 - 23303221130?
-23303221132
In base 10, what is 2 - 16570468?
-16570466
In base 9, what is -5 - 16772624?
-16772630
In base 5, what is 1420444201201 + 3?
1420444201204
In base 14, what is 89c642b - 6?
89c6425
In base 3, what is 120212112 + 11201212?
202121101
In base 7, what is -6330606 + 40?
-6330536
In base 9, what is -655 + 74744?
74078
In base 2, what is -101 - 10011010010001110111011?
-10011010010001111000000
In base 10, what is 6 - -14506354?
14506360
In base 9, what is -51020682 - 3?
-51020685
In base 8, what is -152645112 + -3?
-152645115
In base 6, what is 13 + 412321151?
412321204
In base 3, what is -111100111220 - -2121?
-111100102022
In base 7, what is 3 + 644150644?
644150650
In base 7, what is 2 - 610561532?
-610561530
In base 5, what is 1011343 + 32100?
1043443
In base 2, what is 1100110111000101000011101010 + -101?
1100110111000101000011100101
In base 13, what is -3 - 600678?
-60067b
In base 8, what is -40 + 4713354?
4713314
In base 8, what is 360 + 206662?
207242
In base 4, what is 102001322 - -2?
102001330
In base 14, what is -555 + 98cac?
98757
In base 5, what is 102222 - 4324424?
-4222202
In base 3, what is -111221210112112211 - 0?
-111221210112112211
In base 6, what is -4 - 102553200?
-102553204
In base 8, what is -135 + 1141472?
1141335
In base 6, what is -2424312051 - -5?
-2424312042
In base 10, what is -1269 + 2493?
1224
In base 11, what is 54a - 46085?
-45636
In base 13, what is -1093 + -188?
-124b
In base 15, what is -947 - 4c71?
-56b8
In base 3, what is 2011210020210200 + 1?
2011210020210201
In base 15, what is 5 - -600c79e?
600c7a4
In base 4, what is -1130 - -2320220?
2313030
In base 16, what is 929ab - e4?
928c7
In base 6, what is 512235420 - -2?
512235422
In base 10, what is 4566041 - 5?
4566036
In base 7, what is -644 - 25521662?
-25522636
In base 2, what is -111111110000010100 + 10101011?
-111111101101101001
In base 14, what is 2a765a - -25?
2a7681
In base 15, what is 21282 - 75?
2120c
In base 12, what is 23 - -b305a6?
b30609
In base 15, what is c7e2e0 + 8?
c7e2e8
In base 8, what is -6661342 - -50?
-6661272
In base 5, what is -34 + -42041423200?
-42041423234
In base 12, what is -5827bb + 8?
-5827b3
In base 10, what is -18152 - 201?
-18353
In base 7, what is 5050324 + 1215?
5051542
In base 7, what is 355 - -5160051?
5160436
In base 11, what is -1 - 190564?
-190565
In base 3, what is -10120 + -102